What is u(5)?
213
Let b(c) = -16525*c + 264422. Give b(16).
22
Let z(o) = o**3 + 98*o**2 + 176*o + 9950. What is z(-97)?
2287
Let a(c) = c**3 + 13*c**2 - 2632*c - 31777. Determine a(-12).
-49
Let n(g) = -4*g**3 + 207*g - 412. What is n(2)?
-30
Let z(u) = -2*u**2 - 105518*u + 2322365. Give z(22).
1
Let c(g) = -g**3 + 125*g**2 + 1369*g - 63. What is c(-10)?
-253
Let k(t) = 42787*t**2 - 1326398*t + 32. Determine k(31).
1
Let y(p) = -p**3 + 88*p**2 + 7674*p + 268. What is y(-54)?
-56
Let t(d) = -67837*d - 10039883. What is t(-148)?
-7
Let r(i) = i**2 + 24*i + 498. Give r(-15).
363
Let a(n) = -n**3 - 110*n**2 - 317*n + 889. Determine a(-107).
461
Let s(p) = 279021*p - 7533553. Calculate s(27).
14
Let d(h) = 334345*h + 2674753. What is d(-8)?
-7
Let i(b) = -5009*b + 40000. Give i(8).
-72
Let a(w) = -2172*w + 34775. Determine a(16).
23
Let a(y) = -2973*y + 26752. Calculate a(9).
-5
Let k(j) = 4*j**3 + 99*j**2 - 65*j - 1042. Determine k(-25).
-42
Let t(q) = -23*q + 277. What is t(-21)?
760
Let n(q) = 229251*q - 1146194. Determine n(5).
61
Let k(w) = -8202*w - 1173212. Give k(-143).
-326
Let o(k) = 3*k**3 - 96*k**2 - 440*k + 11248. Determine o(33).
-5
Let i(s) = -s**2 - 2797*s + 1640927. What is i(498)?
17
Let t(q) = -8448*q + 135195. What is t(16)?
27
Let l(k) = 197*k - 507. Calculate l(2).
-113
Let x(o) = -5130*o + 41032. What is x(8)?
-8
Let f(r) = -48717*r + 48755. What is f(1)?
38
Let t(u) = 1632*u + 21298. Give t(-13).
82
Let z(s) = 4*s**3 - 24*s**2 + s - 18. Calculate z(6).
-12
Let g(o) = -53003*o - 4187242. Give g(-79).
-5
Let a(i) = 8770*i - 78946. Give a(9).
-16
Let g(d) = d**2 - 22*d - 1159. Determine g(65).
1636
Let k(v) = 2617*v + 31453. What is k(-12)?
49
Let v(p) = 5*p**3 - 14*p**2 - 19*p + 50. Determine v(7).
946
Let m(h) = -3*h**3 - 468*h**2 + 1924*h - 12. Calculate m(4).
4
Let y(j) = 100*j**2 - 30*j - 61. Give y(-2).
399
Let v(k) = 321611*k + 2572900. Give v(-8).
12
Let v(b) = -52*b - 5310. Give v(-115).
670
Let g(n) = -17496*n + 577344. What is g(33)?
-24
Let t(h) = 633*h - 5044. Calculate t(14).
3818
Let c(b) = -b**2 - 255*b + 15330. Give c(49).
434
Let z(j) = 197*j**2 + 4731*j - 16. Give z(-24).
-88
Let u(a) = 7561*a + 83026. Calculate u(-11).
-145
Let d(c) = 149693*c + 1646487. Give d(-11).
-136
Let r(s) = 15*s**2 - 798*s - 5594. Determine r(-7).
727
Let m(w) = -531*w**2 - 2654*w + 11. What is m(-5)?
6
Let x(o) = 5481*o - 5799. Give x(1).
-318
Let h(u) = -1754*u**2 + 80683*u + 54. Calculate h(46).
8
Let d(l) = 85*l - 2787. Calculate d(24).
-747
Let k(n) = -370*n - 9466. Calculate k(-26).
154
Let q(v) = v**3 + 50*v**2 - 249*v - 1760. Determine q(-54).
22
Let r(t) = -t**3 - 510*t**2 - 22567*t + 10145. What is r(-461)?
3
Let h(r) = 25*r**2 + 7704*r + 1368. What is h(-308)?
136
Let d(r) = 115*r**2 + 813*r - 58. Calculate d(-7).
-114
Let r(p) = -p**2 + 5115*p - 854964. What is r(173)?
2
Let i(u) = -2*u**3 - 136*u**2 + 691*u + 55267. Determine i(-67).
-8
Let j(z) = 3*z**2 - 588*z - 4315. Give j(203).
-52
Let p(g) = 53980*g + 33845456. What is p(-627)?
-4
Let s(n) = -n**3 - 19*n**2 - 24*n - 241. Give s(-12).
-961
Let o(f) = -38*f**2 + 31220*f - 18059. Calculate o(821).
3
Let a(y) = -y**3 - 16*y**2 + 87*y - 352. Give a(-21).
26
Let b(k) = -2*k**3 - 21*k**2 + 504*k + 65. Give b(-22).
109
Let c(a) = 2*a**2 + 2741*a - 8192. Calculate c(3).
49
Let q(a) = -1389*a - 156954. Give q(-113).
3
Let c(i) = -87*i**2 + 5972*i + 25281. Calculate c(-4).
1
Let d(a) = a**3 - 29*a**2 - 795*a + 22985. Determine d(30).
35
Let l(r) = 15473*r + 61889. What is l(-4)?
-3
Let u(g) = 697*g - 13513. Determine u(18).
-967
Let b(q) = -724083*q + 36928233. Calculate b(51).
0
Let c(j) = 114*j**2 + 51*j + 124. Determine c(3).
1303
Let r(i) = -123*i**2 + 36163*i - 349. Determine r(294).
-55
Let o(f) = -28*f**2 + 6638*f - 38824. What is o(6)?
-4
Let r(d) = 24*d**3 + 49*d**2 - 38*d + 106. Calculate r(-7).
-5459
Let q(l) = 132*l + 115. Determine q(8).
1171
Let x(f) = 6*f**2 - 1263*f + 8854. What is x(7)?
307
Let w(t) = -37*t**3 - 406*t**2 + 8*t - 79. Calculate w(-11).
-46
Let x(u) = u**2 + 152*u + 5709. Give x(-41).
1158
Let z(j) = 15*j**3 + 541*j**2 - 10*j - 631. Give z(-36).
1025
Let y(f) = 26*f**2 - 432*f + 1513. Give y(5).
3
Let i(g) = 169*g + 29892. Calculate i(-168).
1500
Let l(z) = 6*z**2 + 35332*z + 176541. Determine l(-5).
31
Let t(k) = -k**3 - 10*k**2 + 606*k + 593. Determine t(-30).
413
Let l(g) = -25*g - 1199. Give l(-52).
101
Let r(a) = 230*a**2 - 40710*a + 173. What is r(177)?
173
Let l(q) = -q**2 - 39*q + 770. Give l(-54).
-40
Let f(x) = 163*x + 6901. Give f(-42).
55
Let l(t) = 5018*t + 732540. Determine l(-146).
-88
Let p(j) = -208*j - 16451. Give p(-77).
-435
Let w(y) = -y**3 - 43*y**2 - 28*y + 725. Determine w(-42).
137
Let d(o) = -o**3 - 786*o**2 - 17515*o + 773. Give d(-23).
-9
Let t(p) = -2*p**3 - 551*p**2 + 834*p + 831. What is t(-277)?
0
Let n(t) = -19523*t - 195260. What is n(-10)?
-30
Let c(b) = -b**3 + 288*b**2 - 1425*b - 232. Calculate c(283).
-3062
Let x(c) = 53*c - 2965. Calculate x(53).
-156
Let k(m) = -5663*m + 5717. Give k(1).
54
Let d(v) = -v**3 - 491*v**2 + 16190*v + 4381. Give d(-522).
205
Let t(n) = -2485*n - 790232. Give t(-318).
-2
Let g(y) = 21*y**3 - 7724*y**2 - 1441*y - 11410. Determine g(368).
-2
Let l(u) = -253*u - 4790. Calculate l(-18).
-236
Let t(s) = 549*s + 52189. Give t(-95).
34
Let f(d) = -8*d**3 - 15*d**2 - 53019*d - 106042. Calculate f(-2).
0
Let w(c) = 1284*c - 3814. Calculate w(3).
38
Let a(t) = 5623*t + 371285. What is a(-66)?
167
Let g(x) = -3546*x + 2060219. Determine g(581).
-7
Let c(j) = 44*j**2 + 781*j + 59. Give c(-17).
-502
Let v(l) = -4*l**3 - l**2 - 87*l + 326. Calculate v(0).
326
Let l(b) = b**3 - 1849*b - 11. Calculate l(0).
-11
Let z(d) = -17051*d - 886661. What is z(-52)?
-9
Let t(r) = -2*r**3 - 6*r**2 - 200*r - 11503. Calculate t(-17).
-11
Let n(y) = -37*y**2 - 661*y - 2955. Calculate n(-10).
-45
Let o(i) = 256*i**2 + 160512*i - 4. What is o(-627)?
-4
Let s(j) = -277*j - 22940. Give s(-82).
-226
Let v(a) = -2*a**2 - 88*a - 1525. Calculate v(-25).
-575
Let i(n) = 7981*n - 6273008. Determine i(786).
58
Let l(v) = v**3 + 31*v**2 - 3526*v + 1232. Give l(-77).
0
Let s(n) = -3*n**2 - 1066*n + 37103. What is s(32)?
-81
Let f(m) = 10*m**2 + 204*m + 46. Give f(-15).
-764
Let x(c) = 9009*c - 1090097. Determine x(121).
-8
Let w(i) = i**2 + 66607*i + 2862263. Give w(-43).
11
Let t(n) = -682*n + 10731. Determine t(13).
1865
Let k(i) = -6205706*i - 18617109. What is k(-3)?
9
Let q(v) = 2*v**3 + 316*v**2 + 631*v + 1118. Give q(-156).
26
Let y(l) = -12*l**2 - 252*l - 1839. Give y(-7).
-663
Let j(l) = -2*l**3 - 190*l**2 - 961*l - 72595. Determine j(-94).
67
Let p(g) = -19*g**2 + 761*g + 804. Determine p(41).
66
Let w(a) = -11007*a - 11579325. What is w(-1052)?
39
Let s(p) = 27*p**3 - 238*p**2 - 14*p - 34. Give s(9).
245
Let o(m) = -2*m**3 - 111*m**2 - 1404*m + 1975. Determine o(-34).
3
Let w(p) = -5*p**2 + 3642*p - 35957. Determine w(10).
-37
Let s(p) = 38*p**2 - 120*p - 25. Calculate s(3).
-43
Let w(r) = -307*r + 11588. Calculate w(38).
-78
Let x(k) = k**2 + 5628*k - 101657. Give x(18).
-29
Let t(d) = d**3 + 127*d**2 + 1553*d + 67. Determine t(-14).
473
Let z(j) = j**3 + 63*j**2 - 4309*j - 33739. Give z(-102).
23
Let g(v) = -843*v - 30707. Calculate g(-35).
-1202
Let b(i) = -3*i**2 - 663*i - 24853. What is b(-173)?
59
Let q(w) = -212*w + 5882. Determine q(28).
-54
Let m(o) = 72*o**2 - 1578*o - 161. What is m(22)?
-29
Let o(c) = 752*c + 25599. Calculate o(-34).
31
Let n(k) = 17*k**2 + 75*k - 304. Determine n(4).
268
Let v(u) = -7197*u - 7071. Determine v(-1).
126
Let s(a) = 179*a + 11017. Calculate s(-61).
98
Let k(i) = 8*i - 6226. Calculate k(778).
-2
Let p(n) = 2*n**3 + 551*n**2 + 804*n - 4807. What is p(-274)?
125
Let y(a) = -58*a**2 - 10210*a - 288. Determine y(-176).
64
Let d(g) = g**3 - 9*g**2 + 109*g - 580. What is d(7)?
85
Let y(r) = -2*r**2 - 2460*r - 46117. Determine y(-19).
-99
Let p(l) = -2*l**3 + 11*l**2 + 1024*l - 3121. Calculate p(3).
-4
Let t(d) = d**2 - 253*d + 15627. Determine t(107).
5
Let i(k) = -k**3 - 207*k**2 - 3206*k + 4553. Calculate i(-190).
-7
Let b(t) = -172*t**2 + 35*t + 41. Give b(-1).
-166
Let k(o) = -869*o + 36403. Calculate k(42).
-95
Let b(x) = 70*x**3 - 12*x**2 - 17*x + 11. What is b(